its digit of h?
4
Suppose 20*g = 21*g - 5. Suppose -g*t = -t - 36. Suppose m = t + 58. What is the tens digit of m?
6
Let b(u) = u + 9. Let n be b(-4). Suppose -k + 6*k + n = 0. What is the tens digit of (-4 + 3)/(k/26)?
2
Let q(u) = 122*u - 472. What is the units digit of q(21)?
0
Suppose 1003 = -17*d + 7038. What is the units digit of d?
5
Suppose 0 = -p + 6*p + 4*y - 2761, -3*p = y - 1651. What is the units digit of p?
9
Let u(n) = -n - 1. Let h be u(-1). Suppose h = -5*y - 30 - 120. What is the units digit of (-6)/y - 149/(-5)?
0
Let v be 114/24 + 6/(-8). What is the units digit of (-13 - 37)*(-10)/v?
5
Suppose 4*k - 6 = -2*j, -3*j = 2*k - j. Suppose 0 - 8 = z + 5*p, 2 = -2*z - k*p. Let g = z - -4. What is the units digit of g?
6
Let r(w) = -124*w. Suppose 3*q + 2*v = -3, 5*v + 1 = -3*q - 2. What is the units digit of r(q)?
4
Suppose -62 = -v + 41. Suppose -t - 5*a + 20 = -27, 0 = -3*t + 4*a + v. What is the units digit of t?
7
Suppose 5*r - 3 = -s, 4*r + 3 = 3*s - 2*s. Suppose -3*w - 2 = -4*w. Suppose -w*i - 208 = -5*q - s*i, -4*q = 3*i - 162. What is the units digit of q?
2
Let t be (9 + -8)/(2/12). Let y = t + -3. Suppose 0 = 4*f + 20, 5*s - y - 107 = 3*f. What is the tens digit of s?
1
Let q(r) = -2*r + 1. Let k be q(7). Let j be 6876/(-78) - 2/k. Let v = -53 - j. What is the units digit of v?
5
Suppose 4*k - i - 180 = -6*i, 0 = 5*k + 5*i - 220. Let w be k/25 + (-2)/(-5). Suppose 0 = 5*a - 5*z - 100, -2*a - w*z = 3*z - 5. What is the tens digit of a?
1
Let q be (-1 + 7)*2/4. What is the units digit of 1/(q*4/1752)?
6
Let a = 2074 - 77. What is the thousands digit of a?
1
Let c(m) = 93 - 115 + 52 + m. What is the units digit of c(10)?
0
What is the hundreds digit of (3/(-2))/(2*60/(-61120))?
7
Suppose 4*i + 2*j - 7*j = -2, -i + 4 = j. Suppose 2*s = 2*p - 32, i*s = p + 3*s - 20. Suppose 0 = t - 14 - p. What is the tens digit of t?
3
Let a = -1711 - -2477. What is the units digit of a?
6
Suppose z - 3*b = 50, -4*z - 3*b + 200 = 2*b. Suppose -4*i + 230 = -z. Suppose -149 = -3*s - 4*q, -q + i - 303 = -5*s. What is the tens digit of s?
4
Suppose 240 + 618 = 3*p. What is the tens digit of p?
8
Let k(c) = -11*c**2 - c + 8. Let x(p) = 11*p**2 - 7. Let y(a) = -3*k(a) - 2*x(a). What is the tens digit of y(2)?
4
Let t(s) = 138*s**2 + 8*s - 5. What is the tens digit of t(2)?
6
Let h = -67 - -67. Suppose h = -4*m + 3*c + 16, 3*m + 2 = -2*c - 3. What is the units digit of m?
1
What is the units digit of (-4656)/(-40)*2*15/12?
1
Let z(f) = -4*f**3 + 3*f**2 + 1. What is the units digit of z(-2)?
5
Suppose -5*i - 4*d + 2*d = -5, 0 = 2*i - 4*d - 26. Let h be (-2 + i)/(-1) - 2. Let j(w) = -w**3 - 3*w**2 - w + 4. What is the units digit of j(h)?
7
Let h = -9 + 11. Suppose -g - 2*m = -h*g - 1, -3*g + 5*m = 6. What is the units digit of (0 + (-8 - 1))*g?
3
Suppose -7 = -2*m - 3. Suppose b - 14 = -2*l, l - 4*b = -m*l + 10. What is the units digit of (203/21)/(2/l)?
9
Let f(y) = -y**2 + 4*y + 7. Let l be f(5). What is the hundreds digit of l + (6 - 8) + (135 - -1)?
1
Let g = 5729 + -3405. What is the units digit of g?
4
Suppose -d - 2*a + 0*a - 18 = 0, -4*d - 5*a - 66 = 0. Let g = 65 + d. What is the units digit of g?
1
Let g = -281 - -587. What is the tens digit of g?
0
Let p(m) = -m**3 - 5*m**2 - m + 14. Let z be p(-4). Suppose 1 = -a, -4*i + z*i = a - 167. What is the tens digit of i?
8
Suppose 5*h + 2*k = 8741, 7474 + 1252 = 5*h - 3*k. What is the thousands digit of h?
1
Let k = -14 + 17. Suppose 159 = k*u + 18. What is the tens digit of u?
4
Suppose -j - j = -2*r + 160, -2*j + 2 = 0. What is the units digit of r?
1
Let v(g) = 1579*g + 40. What is the hundreds digit of v(2)?
1
Let f(u) = -44*u**3 + 2*u**2 - 5*u - 9. What is the hundreds digit of f(-2)?
3
Let f = 12 - 8. Suppose -65 - 211 = -f*y. What is the tens digit of y?
6
Let d = 35 + 53. Let c = 10 + d. What is the tens digit of c?
9
Let a = 6 + -4. Let t be (18/(-27))/(a/(-15)). Suppose t*l - 241 = -56. What is the units digit of l?
7
Let o(c) = -c**2 + 8*c + 8. Let i be o(8). Let n be 6/i - (-154)/8. Suppose 7*x + n = 9*x. What is the tens digit of x?
1
Let n be 3 + -1 + (1 - 2). Let h be (-1 - 2)*(-1)/n. What is the units digit of 6 - (-1 + h - -1)?
3
Let i(p) = 364*p - 101. What is the hundreds digit of i(5)?
7
Suppose a = -2*w + 44, 92 = 5*w - 6*a + 4*a. What is the tens digit of w?
2
Let t be (1 + 2)*24/18. Let g(a) = a**3 - 4*a**2 - 4. Let m be g(t). What is the tens digit of (m/(-12))/((-2)/(-90))?
1
Suppose 0 = -3*k + 198 + 24. Suppose 2*y = 5 - 1. Suppose 54 = 3*u - 0*u + 3*m, -4*u = y*m - k. What is the tens digit of u?
1
Let t(b) = -b**2 - 7*b + 6. Let l be t(-8). Let c(q) = -29*q**3 + 2*q + 5. What is the units digit of c(l)?
3
Let h = 311 - 105. Suppose 2*x - h + 28 = 0. What is the tens digit of x?
8
Let o(r) = -5*r + 6. Let z be o(2). What is the units digit of (1*7)/((-44)/12 - z)?
1
Let k = -10 + 4. Let z(l) = -l**3 - l**2 + 2*l + 11. What is the units digit of z(k)?
9
Let n(s) = -s**3 + 8*s**2 - 7. Let d(t) = -t**2 - 15*t + 6. Let b be d(-15). What is the tens digit of n(b)?
6
Let v = 28 + -40. Let k = v - -10. What is the units digit of (16/4)/((-1)/k)?
8
Suppose -11000 = -2*w + 32*h - 33*h, 2*h + 11006 = 2*w. What is the hundreds digit of w?
5
What is the tens digit of 4365/11 + 9 + 1358/(-154)?
9
Let r(n) = n**2 - n - 10. Let u be r(4). Suppose 4*g = 2*a - 272, -u*g - 405 = -3*a + g. What is the units digit of a?
4
Let a = -5618 + 8733. What is the hundreds digit of a?
1
Let u = -13 + 11. Let z be (11/2)/(u/(-36)). Suppose 5*t = r - 68, -z = -4*r + 5*t + 98. What is the tens digit of r?
4
Suppose -155 = 3*q + 5*h + 62, 4*h = 2*q + 174. Let i = 134 + q. Let r = i - 26. What is the units digit of r?
9
Let f be 76/16 - 6/8. Suppose 5 = -5*m, 3*p - f*m + 6 = 5*p. Suppose 0 = -3*u - p*g + 50, -2*u - 3*g + 78 = 3*u. What is the units digit of u?
5
Let g(p) = -4*p**2 - 3*p + 6. Let u = -5 + 8. Let s be g(u). What is the units digit of ((-26)/s)/((-2)/(-78))?
6
Let o(j) = -2*j + 50. Let m be o(21). Suppose 0 = m*w - 420 - 140. What is the tens digit of w?
7
Suppose -3*n - 5*l = n + 245, 4*n - 2*l + 238 = 0. Let x = n + 101. What is the tens digit of x?
4
Let w(f) = 3*f**2 + 49*f + 314. What is the thousands digit of w(-27)?
1
Let w = 796 - -205. What is the hundreds digit of w?
0
Let a = -19 - -21. Suppose -58 = -a*j - 3*b, 58 = 2*j + 4*b - 0*b. Let y = j + -16. What is the tens digit of y?
1
Suppose -4*g = l + 4*l - 25, 20 = 4*l - 4*g. Suppose -l*y = -2*y - 45. What is the units digit of y?
5
Let o(w) = -w**2 - 9*w - 12. Let f be o(-5). Suppose f = 3*g - 1. Suppose -6*p + 45 = -g*p. What is the units digit of p?
5
Suppose 7*f - 118 = 6*f. Suppose 3*h + 5*s - 67 = h, 0 = -5*h + 4*s + f. What is the units digit of h?
6
Let f = -7 - -19. Suppose -131 - 1381 = -f*n. What is the units digit of n?
6
Suppose -906 = -f - 729. What is the hundreds digit of f?
1
Suppose -6*z + 12 = -3*z. Let o be (1 - (-6)/(-15))*225/27. Suppose -o*v - 4*s + 48 = 10, -z*v + 4*s + 52 = 0. What is the units digit of v?
0
What is the thousands digit of -1 + (-1)/(-1) + -133 + 3971?
3
Let f be (-3 + 4 + -1)*-1. Suppose -c - 8 + 12 = f. Suppose 2*y - 41 = c*n + 47, 5*y - 226 = 4*n. What is the units digit of y?
6
Let m = 28 - 26. Suppose -50 = -2*p + 5*n + 29, 109 = m*p + 5*n. What is the units digit of p?
7
Let o = 375 - 559. Let k = o + 261. What is the units digit of k?
7
Suppose -4*p - 61 = -2*p + 5*c, c + 95 = -4*p. Let t = -17 - p. Suppose -2*h - t = -3*h. What is the units digit of h?
6
Let k be (12/(-16))/((-2)/96). Let i(l) = 2*l + 28. Let a be i(-13). Suppose -30 - k = -2*g - t, -a = -t. What is the tens digit of g?
3
Let x(c) = 15*c**2 + 2*c - 1. Suppose -2*z - 8 = -6*z. Let y be x(z). Suppose 0*d + y = d. What is the tens digit of d?
6
Suppose 1212 = 2*b + 3*g - 6408, -5*g + 15236 = 4*b. What is the thousands digit of b?
3
Let q = 2230 - 1107. What is the tens digit of q?
2
Let q = 467 + -315. What is the tens digit of q?
5
Let h(o) = -537*o + 19. What is the hundreds digit of h(-2)?
0
Suppose -3*l - 369 = 4*h - 31, -3*l - 362 = -2*h. Let w = l + 290. What is the hundreds digit of w?
1
Suppose -9 - 3 = 3*g. Let v be g/18 - 121/(-99). What is the units digit of v/(-3) - 276/(-18)?
5
Suppose 24*f = 11*f